ite number?
False
Is 771907637 prime?
True
Is 678844601 a prime number?
True
Is 6037538201 prime?
True
Is 14360510081 a composite number?
False
Is 485041771 a prime number?
True
Is 59973891359 composite?
False
Is 1793191885 composite?
True
Is 45670913 a composite number?
True
Is 1842583807 a prime number?
False
Is 497451109 composite?
False
Is 20620282981 a prime number?
True
Is 495404473 a prime number?
False
Is 50706894383 a composite number?
False
Is 1304669027 prime?
True
Is 7983672383 a composite number?
False
Is 594476038981 prime?
False
Is 401787371 prime?
False
Is 4803225391 composite?
True
Is 1471404169 prime?
False
Is 20165077343 composite?
True
Is 287932461 a composite number?
True
Is 37043719519 prime?
True
Is 271202557 prime?
False
Is 6056704627 a prime number?
False
Is 8182463 prime?
True
Is 45130998058 composite?
True
Is 1920338177 prime?
False
Is 2921227829 composite?
True
Is 46280012279 a composite number?
False
Is 65311091047 composite?
False
Is 68076716369 a composite number?
True
Is 3456942803 a prime number?
False
Is 135051852759 a prime number?
False
Is 1905447587 a prime number?
True
Is 1772633263 a composite number?
False
Is 125369997899 a prime number?
True
Is 2820985753 composite?
False
Is 355494913 a composite number?
False
Is 184482035 composite?
True
Is 331032781 composite?
False
Is 29793279521 a composite number?
False
Is 25322209 composite?
True
Is 54436465857 a prime number?
False
Is 2935707139 a prime number?
False
Is 24524158603 prime?
False
Is 3099240929 a composite number?
False
Is 35662466969 prime?
True
Is 658309957 composite?
True
Is 231535027 prime?
True
Is 32126856197 prime?
True
Is 19445234419 composite?
True
Is 98599427 a composite number?
False
Is 15872818243 prime?
False
Is 21232396723 a composite number?
False
Is 12810541701 prime?
False
Is 235526657 a prime number?
True
Is 14534637553 prime?
True
Is 67409923135 composite?
True
Is 41507856023 prime?
True
Is 258243569 composite?
False
Is 23597131 composite?
False
Is 5011510949 composite?
True
Is 16521284827 a prime number?
True
Is 146172655 a prime number?
False
Is 1998574723 composite?
True
Is 6357117971 prime?
True
Is 11514742169 prime?
False
Is 14202003793 a prime number?
True
Is 22732830677 prime?
False
Is 5857506233 a prime number?
True
Is 2158398395 prime?
False
Is 11320538501 composite?
False
Is 8899731023 composite?
False
Is 200029631 prime?
False
Is 500729009 a prime number?
False
Is 7559861689 prime?
False
Is 7379598041 a composite number?
False
Is 25877261 a prime number?
True
Is 261999323 composite?
True
Is 6535952029 composite?
True
Is 732359809 a composite number?
True
Is 1361223059 a prime number?
False
Is 2269397147 a prime number?
True
Is 2884101487 a prime number?
True
Is 2189991653 prime?
True
Is 1407667819 a composite number?
True
Is 30097103 prime?
True
Is 1346455427 prime?
True
Is 362985941 prime?
True
Is 5313495257 composite?
True
Is 4688756831 composite?
True
Is 1417518407 prime?
False
Is 32052139477 a prime number?
False
Is 1031263979 prime?
False
Is 1863263249 a prime number?
False
Is 157224079 composite?
True
Is 314683829 a composite number?
False
Is 818125031 prime?
True
Is 2240091229 composite?
True
Is 285846889 a prime number?
True
Is 55150631 prime?
True
Is 180885099 composite?
True
Is 352202143 composite?
False
Is 73605299 composite?
True
Is 188353097 prime?
False
Is 36565279 composite?
False
Is 670843033 a prime number?
False
Is 265431770479 composite?
False
Is 43669090009 a composite number?
True
Is 598466507 prime?
False
Is 786542143 a prime number?
True
Is 52680973379 prime?
False
Is 2405402099 a prime number?
True
Is 114756139 composite?
True
Is 457840297 composite?
True
Is 51227714777 prime?
True
Is 565063549 prime?
False
Is 16040814331 prime?
False
Is 4079078303 prime?
True
Is 120289541 a composite number?
False
Is 1808470403 prime?
True
Is 14458633817 prime?
True
Is 17531887693 prime?
True
Is 39280233863 prime?
False
Is 144157254209 composite?
True
Is 12790618213 a composite number?
False
Is 18315126727 composite?
False
Is 10921002403 prime?
True
Is 7318482443 composite?
False
Is 54853584037 prime?
False
Is 182761591 a composite number?
False
Is 6453692419 composite?
True
Is 984700159 composite?
False
Is 21530726029 a prime number?
False
Is 77769030473 composite?
True
Is 236642812921 composite?
False
Is 12311546657 a prime number?
True
Is 3462481237 a prime number?
True
Is 130093459003 a composite number?
True
Is 4301612551 prime?
True
Is 3761645731 prime?
True
Is 21626249311 composite?
False
Is 2904073559 prime?
True
Is 1145466139 composite?
True
Is 183393740557 a composite number?
False
Is 5683463743 a composite number?
True
Is 93186098909 composite?
True
Is 1005456911 a prime number?
True
Is 988311659 composite?
False
Is 17258246177 prime?
True
Is 28091382661 composite?
False
Is 9917912611 a prime number?
False
Is 128514283697 composite?
False
Is 6653158945 composite?
True
Is 4188876919 a composite number?
False
Is 70424429287 a prime number?
False
Is 3841007857 a prime number?
True
Is 460068953 a composite number?
False
Is 872287921 prime?
True
Is 18302414567 prime?
True
Is 5123910854 a prime number?
False
Is 1403394581 a composite number?
False
Is 3211310183 prime?
False
Is 90518477974 a prime number?
False
Is 702630919 a composite number?
False
Is 1500794959 composite?
False
Is 4818710053 a composite number?
False
Is 5627272009 a prime number?
False
Is 8263781213 a prime number?
False
Is 4047356507 composite?
False
Is 10053808511 prime?
True
Is 20253423965 prime?
False
Is 409713971 a prime number?
True
Is 12354101 a composite number?
False
Is 110293446947 prime?
True
Is 588669391 a prime number?
True
Is 2766604913 a composite number?
True
Is 6342962077 prime?
True
Is 64706261 a composite number?
False
Is 198781091 composite?
True
Is 18392027 a composite number?
False
Is 2969923651 composite?
True
Is 5016554105 a prime number?
False
Is 26528030957 a composite number?
False
Is 47449909111 composite?
True
Is 223652201 composite?
True
Is 323981113 a prime number?
False
Is 121614967 a prime number?
False
Is 159558035339 a prime number?
True
Is 71673624241 prime?
False
Is 9462940295 composite?
True
Is 297782893 prime?
True
Is 66731070949 a composite number?
True
Is 4614037607 prime?
True
Is 696318587 composite?
False
Is 57964653907 a composite number?
True
Is 8647330501 prime?
True
Is 60720776807 composite?
True
Is 102037751 a prime number?
True
Is 9636354802 a composite number?
True
Is 870647 prime?
False
Is 1444189123 composite?
True
Is 891803441 a prime number?
True
Is 274827731 a prime number?
False
Is 255839347 a composite number?
False
Is 327378099 a composite number?
True
Is 39048576101 a composite number?
True
Is 112647716639 a composite number?
False
Is 2496463981 a composite number?
True
Is 16210772129 composite?
False
Is 81336521729 a composite number?
True
Is 121758827 composite?
False
Is 49134061447 a prime number?
False
Is 5565783035 prime?
False
Is 9678629137 a prime number?
True
Is 17615093 prime?
False
Is 1253091731 composite?
True
Is 29715293 prime?
False
Is 80560871101 prime?
True
Is 325388409 a prime number?
False
Is 3678525509 composite?
True
Is 178891331 a prime number?
True
Is 4056693847 prime?
False
Is 81772548173 prime?
True
Is 3124589363 prime?
False
Is 6049622807 a composite number?
True
Is 999392123 a composite number?
True
Is 15870896759 prime?
False
Is 204696731557 a composite number?
False
Is 2843801071 composite?
False
Is 16274144365 prime?
False
Is 270911827 a prime number?
False
Is 35836727131 prime?
True
Is 126535145873 a composite number?
True
Is 34324005239 a prime number?
False
Is 18183674251 prime?
False
Is 20063437483 a composite number?
False
Is 19702209127 prime?
False
Is 15037053763 a composite number?
True
Is 12841015721 a composite number?
False
Is 6424582273 prime?
True
Is 34364964947 composite?
True
Is 35442437027 composite?
True
Is 10712276363 a composite number?
True
Is 50988511 composite?
True
Is 8356786 a prime number?
False
Is 2568034453 a prime number?
True
Is 146017354451 a composite number?
False
Is 4185870451 prime?
False
Is 1585006649 a composite number?
False
Is 72724256573 prime?
False
Is 1161332591 a composite number?
False
Is 24885626387 a compo